{"id":4116,"date":"2026-06-26T06:59:39","date_gmt":"2026-06-26T05:59:39","guid":{"rendered":"https:\/\/aliance-mobilier.fr\/?post_type=product&#038;p=4116"},"modified":"2026-06-26T06:59:47","modified_gmt":"2026-06-26T05:59:47","slug":"evier-a-raccorder-eau-froide","status":"publish","type":"product","link":"https:\/\/aliance-mobilier.com\/en_us\/boutique\/evier-a-raccorder-eau-froide\/","title":{"rendered":"EVIER A RACCORDER eau froide"},"content":{"rendered":"<p>1 bac eau froide<\/p>\n<p>Pr\u00e9voir arriv\u00e9e + \u00e9vacuation d&rsquo;eau \/ La demande d&rsquo;arriv\u00e9e d&rsquo;eau et d&rsquo;\u00e9vacuation ainsi que le raccordement est \u00e0 commander \u00e0 l&rsquo;organisateur.<\/p>\n<p>Caution 350\u20ac<\/p>\n<p>H:93cm L:78cm P:43cm<\/p>","protected":false},"excerpt":{"rendered":"<p>1 bac eau froide<\/p>\n<p>Pr\u00e9voir arriv\u00e9e + \u00e9vacuation d&rsquo;eau \/ La demande d&rsquo;arriv\u00e9e d&rsquo;eau et d&rsquo;\u00e9vacuation ainsi que le raccordement est \u00e0 commander \u00e0 l&rsquo;organisateur.<\/p>\n<p>Caution 350\u20ac<\/p>\n<p>H:93cm L:78cm P:43cm<\/p>","protected":false},"featured_media":1445,"comment_status":"closed","ping_status":"closed","template":"","meta":{"_acf_changed":false},"product_brand":[],"product_cat":[143,152],"product_tag":[],"class_list":["post-4116","product","type-product","status-publish","has-post-thumbnail","product_cat-accessoires","product_cat-electromenager","first","instock","taxable","shipping-taxable","purchasable","product-type-simple"],"acf":[],"yoast_head":"<!-- This site is optimized with the Yoast SEO plugin v28.3 - https:\/\/yoast.com\/product\/yoast-seo-wordpress\/ -->\n<title>EVIER A RACCORDER eau froide - Aliance mobilier<\/title>\n<meta name=\"robots\" content=\"index, follow, max-snippet:-1, max-image-preview:large, max-video-preview:-1\" \/>\n<link rel=\"canonical\" href=\"https:\/\/aliance-mobilier.com\/en_us\/boutique\/evier-a-raccorder-eau-froide\/\" \/>\n<meta property=\"og:locale\" content=\"en_US\" \/>\n<meta property=\"og:type\" content=\"article\" \/>\n<meta property=\"og:title\" content=\"EVIER A RACCORDER eau froide - Aliance mobilier\" \/>\n<meta property=\"og:description\" content=\"1 bac eau froide  Pr\u00e9voir arriv\u00e9e + \u00e9vacuation d&#039;eau \/ La demande d&#039;arriv\u00e9e d&#039;eau et d&#039;\u00e9vacuation ainsi que le raccordement est \u00e0 commander \u00e0 l&#039;organisateur.  Caution 350\u20ac  H:93cm L:78cm P:43cm\" \/>\n<meta property=\"og:url\" content=\"https:\/\/aliance-mobilier.com\/en_us\/boutique\/evier-a-raccorder-eau-froide\/\" \/>\n<meta property=\"og:site_name\" content=\"Aliance mobilier\" \/>\n<meta property=\"article:modified_time\" content=\"2026-06-26T05:59:47+00:00\" \/>\n<meta property=\"og:image\" content=\"https:\/\/aliance-mobilier.fr\/wp-content\/uploads\/2026\/05\/886.png\" \/>\n\t<meta property=\"og:image:width\" content=\"1000\" \/>\n\t<meta property=\"og:image:height\" content=\"1000\" \/>\n\t<meta property=\"og:image:type\" content=\"image\/png\" \/>\n<meta name=\"twitter:card\" content=\"summary_large_image\" \/>\n<meta name=\"twitter:label1\" content=\"Est. reading time\" \/>\n\t<meta name=\"twitter:data1\" content=\"1 minute\" \/>\n<script type=\"application\/ld+json\" class=\"yoast-schema-graph\">{\"@context\":\"https:\\\/\\\/schema.org\",\"@graph\":[{\"@type\":\"WebPage\",\"@id\":\"https:\\\/\\\/aliance-mobilier.com\\\/boutique\\\/evier-a-raccorder-eau-froide\\\/\",\"url\":\"https:\\\/\\\/aliance-mobilier.com\\\/boutique\\\/evier-a-raccorder-eau-froide\\\/\",\"name\":\"EVIER A RACCORDER eau froide - Aliance mobilier\",\"isPartOf\":{\"@id\":\"https:\\\/\\\/aliance-mobilier.com\\\/#website\"},\"primaryImageOfPage\":{\"@id\":\"https:\\\/\\\/aliance-mobilier.com\\\/boutique\\\/evier-a-raccorder-eau-froide\\\/#primaryimage\"},\"image\":{\"@id\":\"https:\\\/\\\/aliance-mobilier.com\\\/boutique\\\/evier-a-raccorder-eau-froide\\\/#primaryimage\"},\"thumbnailUrl\":\"https:\\\/\\\/aliance-mobilier.com\\\/wp-content\\\/uploads\\\/2026\\\/05\\\/886.png\",\"datePublished\":\"2026-06-26T05:59:39+00:00\",\"dateModified\":\"2026-06-26T05:59:47+00:00\",\"breadcrumb\":{\"@id\":\"https:\\\/\\\/aliance-mobilier.com\\\/boutique\\\/evier-a-raccorder-eau-froide\\\/#breadcrumb\"},\"inLanguage\":\"en-US\",\"potentialAction\":[{\"@type\":\"ReadAction\",\"target\":[\"https:\\\/\\\/aliance-mobilier.com\\\/boutique\\\/evier-a-raccorder-eau-froide\\\/\"]}]},{\"@type\":\"ImageObject\",\"inLanguage\":\"en-US\",\"@id\":\"https:\\\/\\\/aliance-mobilier.com\\\/boutique\\\/evier-a-raccorder-eau-froide\\\/#primaryimage\",\"url\":\"https:\\\/\\\/aliance-mobilier.com\\\/wp-content\\\/uploads\\\/2026\\\/05\\\/886.png\",\"contentUrl\":\"https:\\\/\\\/aliance-mobilier.com\\\/wp-content\\\/uploads\\\/2026\\\/05\\\/886.png\",\"width\":1000,\"height\":1000},{\"@type\":\"BreadcrumbList\",\"@id\":\"https:\\\/\\\/aliance-mobilier.com\\\/boutique\\\/evier-a-raccorder-eau-froide\\\/#breadcrumb\",\"itemListElement\":[{\"@type\":\"ListItem\",\"position\":1,\"name\":\"Accueil\",\"item\":\"https:\\\/\\\/aliance-mobilier.com\\\/accueil\\\/\"},{\"@type\":\"ListItem\",\"position\":2,\"name\":\"Produits\",\"item\":\"https:\\\/\\\/aliance-mobilier.com\\\/boutique\\\/\"},{\"@type\":\"ListItem\",\"position\":3,\"name\":\"EVIER A RACCORDER eau froide\"}]},{\"@type\":\"WebSite\",\"@id\":\"https:\\\/\\\/aliance-mobilier.com\\\/#website\",\"url\":\"https:\\\/\\\/aliance-mobilier.com\\\/\",\"name\":\"Aliance mobilier\",\"description\":\"Location de mobilier \u00e9v\u00e9nementiel\",\"publisher\":{\"@id\":\"https:\\\/\\\/aliance-mobilier.com\\\/#organization\"},\"potentialAction\":[{\"@type\":\"SearchAction\",\"target\":{\"@type\":\"EntryPoint\",\"urlTemplate\":\"https:\\\/\\\/aliance-mobilier.com\\\/?s={search_term_string}\"},\"query-input\":{\"@type\":\"PropertyValueSpecification\",\"valueRequired\":true,\"valueName\":\"search_term_string\"}}],\"inLanguage\":\"en-US\"},{\"@type\":\"Organization\",\"@id\":\"https:\\\/\\\/aliance-mobilier.com\\\/#organization\",\"name\":\"Aliance mobilier\",\"url\":\"https:\\\/\\\/aliance-mobilier.com\\\/\",\"logo\":{\"@type\":\"ImageObject\",\"inLanguage\":\"en-US\",\"@id\":\"https:\\\/\\\/aliance-mobilier.com\\\/#\\\/schema\\\/logo\\\/image\\\/\",\"url\":\"https:\\\/\\\/aliance-mobilier.com\\\/wp-content\\\/uploads\\\/2026\\\/02\\\/aliance-svg-3.svg\",\"contentUrl\":\"https:\\\/\\\/aliance-mobilier.com\\\/wp-content\\\/uploads\\\/2026\\\/02\\\/aliance-svg-3.svg\",\"width\":348,\"height\":34,\"caption\":\"Aliance mobilier\"},\"image\":{\"@id\":\"https:\\\/\\\/aliance-mobilier.com\\\/#\\\/schema\\\/logo\\\/image\\\/\"}}]}<\/script>\n<!-- \/ Yoast SEO plugin. -->","yoast_head_json":{"title":"EVIER A RACCORDER eau froide - Aliance mobilier","robots":{"index":"index","follow":"follow","max-snippet":"max-snippet:-1","max-image-preview":"max-image-preview:large","max-video-preview":"max-video-preview:-1"},"canonical":"https:\/\/aliance-mobilier.com\/en_us\/boutique\/evier-a-raccorder-eau-froide\/","og_locale":"en_US","og_type":"article","og_title":"EVIER A RACCORDER eau froide - Aliance mobilier","og_description":"1 bac eau froide  Pr\u00e9voir arriv\u00e9e + \u00e9vacuation d'eau \/ La demande d'arriv\u00e9e d'eau et d'\u00e9vacuation ainsi que le raccordement est \u00e0 commander \u00e0 l'organisateur.  Caution 350\u20ac  H:93cm L:78cm P:43cm","og_url":"https:\/\/aliance-mobilier.com\/en_us\/boutique\/evier-a-raccorder-eau-froide\/","og_site_name":"Aliance mobilier","article_modified_time":"2026-06-26T05:59:47+00:00","og_image":[{"width":1000,"height":1000,"url":"https:\/\/aliance-mobilier.fr\/wp-content\/uploads\/2026\/05\/886.png","type":"image\/png"}],"twitter_card":"summary_large_image","twitter_misc":{"Est. reading time":"1 minute"},"schema":{"@context":"https:\/\/schema.org","@graph":[{"@type":"WebPage","@id":"https:\/\/aliance-mobilier.com\/boutique\/evier-a-raccorder-eau-froide\/","url":"https:\/\/aliance-mobilier.com\/boutique\/evier-a-raccorder-eau-froide\/","name":"EVIER A RACCORDER eau froide - Aliance mobilier","isPartOf":{"@id":"https:\/\/aliance-mobilier.com\/#website"},"primaryImageOfPage":{"@id":"https:\/\/aliance-mobilier.com\/boutique\/evier-a-raccorder-eau-froide\/#primaryimage"},"image":{"@id":"https:\/\/aliance-mobilier.com\/boutique\/evier-a-raccorder-eau-froide\/#primaryimage"},"thumbnailUrl":"https:\/\/aliance-mobilier.com\/wp-content\/uploads\/2026\/05\/886.png","datePublished":"2026-06-26T05:59:39+00:00","dateModified":"2026-06-26T05:59:47+00:00","breadcrumb":{"@id":"https:\/\/aliance-mobilier.com\/boutique\/evier-a-raccorder-eau-froide\/#breadcrumb"},"inLanguage":"en-US","potentialAction":[{"@type":"ReadAction","target":["https:\/\/aliance-mobilier.com\/boutique\/evier-a-raccorder-eau-froide\/"]}]},{"@type":"ImageObject","inLanguage":"en-US","@id":"https:\/\/aliance-mobilier.com\/boutique\/evier-a-raccorder-eau-froide\/#primaryimage","url":"https:\/\/aliance-mobilier.com\/wp-content\/uploads\/2026\/05\/886.png","contentUrl":"https:\/\/aliance-mobilier.com\/wp-content\/uploads\/2026\/05\/886.png","width":1000,"height":1000},{"@type":"BreadcrumbList","@id":"https:\/\/aliance-mobilier.com\/boutique\/evier-a-raccorder-eau-froide\/#breadcrumb","itemListElement":[{"@type":"ListItem","position":1,"name":"Accueil","item":"https:\/\/aliance-mobilier.com\/accueil\/"},{"@type":"ListItem","position":2,"name":"Produits","item":"https:\/\/aliance-mobilier.com\/boutique\/"},{"@type":"ListItem","position":3,"name":"EVIER A RACCORDER eau froide"}]},{"@type":"WebSite","@id":"https:\/\/aliance-mobilier.com\/#website","url":"https:\/\/aliance-mobilier.com\/","name":"Aliance mobilier","description":"Location de mobilier \u00e9v\u00e9nementiel","publisher":{"@id":"https:\/\/aliance-mobilier.com\/#organization"},"potentialAction":[{"@type":"SearchAction","target":{"@type":"EntryPoint","urlTemplate":"https:\/\/aliance-mobilier.com\/?s={search_term_string}"},"query-input":{"@type":"PropertyValueSpecification","valueRequired":true,"valueName":"search_term_string"}}],"inLanguage":"en-US"},{"@type":"Organization","@id":"https:\/\/aliance-mobilier.com\/#organization","name":"Aliance mobilier","url":"https:\/\/aliance-mobilier.com\/","logo":{"@type":"ImageObject","inLanguage":"en-US","@id":"https:\/\/aliance-mobilier.com\/#\/schema\/logo\/image\/","url":"https:\/\/aliance-mobilier.com\/wp-content\/uploads\/2026\/02\/aliance-svg-3.svg","contentUrl":"https:\/\/aliance-mobilier.com\/wp-content\/uploads\/2026\/02\/aliance-svg-3.svg","width":348,"height":34,"caption":"Aliance mobilier"},"image":{"@id":"https:\/\/aliance-mobilier.com\/#\/schema\/logo\/image\/"}}]}},"_links":{"self":[{"href":"https:\/\/aliance-mobilier.com\/en_us\/wp-json\/wp\/v2\/product\/4116","targetHints":{"allow":["GET"]}}],"collection":[{"href":"https:\/\/aliance-mobilier.com\/en_us\/wp-json\/wp\/v2\/product"}],"about":[{"href":"https:\/\/aliance-mobilier.com\/en_us\/wp-json\/wp\/v2\/types\/product"}],"replies":[{"embeddable":true,"href":"https:\/\/aliance-mobilier.com\/en_us\/wp-json\/wp\/v2\/comments?post=4116"}],"wp:featuredmedia":[{"embeddable":true,"href":"https:\/\/aliance-mobilier.com\/en_us\/wp-json\/wp\/v2\/media\/1445"}],"wp:attachment":[{"href":"https:\/\/aliance-mobilier.com\/en_us\/wp-json\/wp\/v2\/media?parent=4116"}],"wp:term":[{"taxonomy":"product_brand","embeddable":true,"href":"https:\/\/aliance-mobilier.com\/en_us\/wp-json\/wp\/v2\/product_brand?post=4116"},{"taxonomy":"product_cat","embeddable":true,"href":"https:\/\/aliance-mobilier.com\/en_us\/wp-json\/wp\/v2\/product_cat?post=4116"},{"taxonomy":"product_tag","embeddable":true,"href":"https:\/\/aliance-mobilier.com\/en_us\/wp-json\/wp\/v2\/product_tag?post=4116"}],"curies":[{"name":"wp","href":"https:\/\/api.w.org\/{rel}","templated":true}]}}

<p>1 bac eau froide</p>
<p>Prévoir arrivée + évacuation d&rsquo;eau / La demande d&rsquo;arrivée d&rsquo;eau et d&rsquo;évacuation ainsi que le raccordement est à commander à l&rsquo;organisateur.</p>
<p>Caution 350€</p>
<p>H:93cm L:78cm P:43cm</p>

<!-- This site is optimized with the Yoast SEO plugin v28.3 - https://yoast.com/product/yoast-seo-wordpress/ -->
<title>EVIER A RACCORDER eau froide - Aliance mobilier</title>
<meta name="robots" content="index, follow, max-snippet:-1, max-image-preview:large, max-video-preview:-1" />
<link rel="canonical" href="https://aliance-mobilier.com/en_us/boutique/evier-a-raccorder-eau-froide/" />
<meta property="og:locale" content="en_US" />
<meta property="og:type" content="article" />
<meta property="og:title" content="EVIER A RACCORDER eau froide - Aliance mobilier" />
<meta property="og:description" content="1 bac eau froide  Prévoir arrivée + évacuation d&#039;eau / La demande d&#039;arrivée d&#039;eau et d&#039;évacuation ainsi que le raccordement est à commander à l&#039;organisateur.  Caution 350€  H:93cm L:78cm P:43cm" />
<meta property="og:url" content="https://aliance-mobilier.com/en_us/boutique/evier-a-raccorder-eau-froide/" />
<meta property="og:site_name" content="Aliance mobilier" />
<meta property="article:modified_time" content="2026-06-26T05:59:47+00:00" />
<meta property="og:image" content="https://aliance-mobilier.fr/wp-content/uploads/2026/05/886.png" />
	<meta property="og:image:width" content="1000" />
	<meta property="og:image:height" content="1000" />
	<meta property="og:image:type" content="image/png" />
<meta name="twitter:card" content="summary_large_image" />
<meta name="twitter:label1" content="Est. reading time" />
	<meta name="twitter:data1" content="1 minute" />
<script type="application/ld+json" class="yoast-schema-graph">{"@context":"https:\/\/schema.org","@graph":[{"@type":"WebPage","@id":"https:\/\/aliance-mobilier.com\/boutique\/evier-a-raccorder-eau-froide\/","url":"https:\/\/aliance-mobilier.com\/boutique\/evier-a-raccorder-eau-froide\/","name":"EVIER A RACCORDER eau froide - Aliance mobilier","isPartOf":{"@id":"https:\/\/aliance-mobilier.com\/#website"},"primaryImageOfPage":{"@id":"https:\/\/aliance-mobilier.com\/boutique\/evier-a-raccorder-eau-froide\/#primaryimage"},"image":{"@id":"https:\/\/aliance-mobilier.com\/boutique\/evier-a-raccorder-eau-froide\/#primaryimage"},"thumbnailUrl":"https:\/\/aliance-mobilier.com\/wp-content\/uploads\/2026\/05\/886.png","datePublished":"2026-06-26T05:59:39+00:00","dateModified":"2026-06-26T05:59:47+00:00","breadcrumb":{"@id":"https:\/\/aliance-mobilier.com\/boutique\/evier-a-raccorder-eau-froide\/#breadcrumb"},"inLanguage":"en-US","potentialAction":[{"@type":"ReadAction","target":["https:\/\/aliance-mobilier.com\/boutique\/evier-a-raccorder-eau-froide\/"]}]},{"@type":"ImageObject","inLanguage":"en-US","@id":"https:\/\/aliance-mobilier.com\/boutique\/evier-a-raccorder-eau-froide\/#primaryimage","url":"https:\/\/aliance-mobilier.com\/wp-content\/uploads\/2026\/05\/886.png","contentUrl":"https:\/\/aliance-mobilier.com\/wp-content\/uploads\/2026\/05\/886.png","width":1000,"height":1000},{"@type":"BreadcrumbList","@id":"https:\/\/aliance-mobilier.com\/boutique\/evier-a-raccorder-eau-froide\/#breadcrumb","itemListElement":[{"@type":"ListItem","position":1,"name":"Accueil","item":"https:\/\/aliance-mobilier.com\/accueil\/"},{"@type":"ListItem","position":2,"name":"Produits","item":"https:\/\/aliance-mobilier.com\/boutique\/"},{"@type":"ListItem","position":3,"name":"EVIER A RACCORDER eau froide"}]},{"@type":"WebSite","@id":"https:\/\/aliance-mobilier.com\/#website","url":"https:\/\/aliance-mobilier.com\/","name":"Aliance mobilier","description":"Location de mobilier événementiel","publisher":{"@id":"https:\/\/aliance-mobilier.com\/#organization"},"potentialAction":[{"@type":"SearchAction","target":{"@type":"EntryPoint","urlTemplate":"https:\/\/aliance-mobilier.com\/?s={search_term_string}"},"query-input":{"@type":"PropertyValueSpecification","valueRequired":true,"valueName":"search_term_string"}}],"inLanguage":"en-US"},{"@type":"Organization","@id":"https:\/\/aliance-mobilier.com\/#organization","name":"Aliance mobilier","url":"https:\/\/aliance-mobilier.com\/","logo":{"@type":"ImageObject","inLanguage":"en-US","@id":"https:\/\/aliance-mobilier.com\/#\/schema\/logo\/image\/","url":"https:\/\/aliance-mobilier.com\/wp-content\/uploads\/2026\/02\/aliance-svg-3.svg","contentUrl":"https:\/\/aliance-mobilier.com\/wp-content\/uploads\/2026\/02\/aliance-svg-3.svg","width":348,"height":34,"caption":"Aliance mobilier"},"image":{"@id":"https:\/\/aliance-mobilier.com\/#\/schema\/logo\/image\/"}}]}</script>
<!-- / Yoast SEO plugin. -->

1 bac eau froide  Prévoir arrivée + évacuation d'eau / La demande d'arrivée d'eau et d'évacuation ainsi que le raccordement est à commander à l'organisateur.  Caution 350€  H:93cm L:78cm P:43cm

Location de mobilier événementiel
