{"id":4109,"date":"2026-06-26T06:59:38","date_gmt":"2026-06-26T05:59:38","guid":{"rendered":"https:\/\/aliance-mobilier.fr\/?post_type=product&#038;p=4109"},"modified":"2026-06-26T06:59:44","modified_gmt":"2026-06-26T05:59:44","slug":"pack-accueil","status":"publish","type":"product","link":"https:\/\/aliance-mobilier.com\/en_us\/boutique\/pack-accueil\/","title":{"rendered":"Pack ACCUEIL"},"content":{"rendered":"<p>1 fontaine \u00e0 eau + 2 bonbonnes de 18.9L + 200 gobelets + 1 machine \u00e0 caf\u00e9 ZENIUS PRO + 150 capsules de caf\u00e9 (50 expresso forte, 50 lungo leggero, 50 expresso d\u00e9caf\u00e9in\u00e9) + 2 bouteilles d&rsquo;eau 1,5L + 150 gobelets\/agitateurs + 150 dosettes de sucre + 80 carr\u00e9s de chocolat<\/p>\n<p>Caution 950\u20ac<\/p>","protected":false},"excerpt":{"rendered":"<p>1 fontaine \u00e0 eau + 2 bonbonnes de 18.9L + 200 gobelets + 1 machine \u00e0 caf\u00e9 ZENIUS PRO + 150 capsules de caf\u00e9 (50 expresso forte, 50 lungo leggero, 50 expresso d\u00e9caf\u00e9in\u00e9) + 2 bouteilles d&rsquo;eau 1,5L +150 gobelets\/agitateurs + 150 dosettes de sucre + 80 carr\u00e9s de chocolat<\/p>\n<p>Caution 950\u20ac<\/p>","protected":false},"featured_media":1431,"comment_status":"closed","ping_status":"closed","template":"","meta":{"_acf_changed":false},"product_brand":[],"product_cat":[163,162,164],"product_tag":[],"class_list":["post-4109","product","type-product","status-publish","has-post-thumbnail","product_cat-ensembles-mobilier","product_cat-la-boutique-de-lexposant","product_cat-packs-mobilier","first","instock","taxable","shipping-taxable","purchasable","product-type-simple"],"acf":[],"yoast_head":"<!-- This site is optimized with the Yoast SEO plugin v28.3 - https:\/\/yoast.com\/product\/yoast-seo-wordpress\/ -->\n<title>Pack ACCUEIL - Aliance mobilier<\/title>\n<meta name=\"robots\" content=\"index, follow, max-snippet:-1, max-image-preview:large, max-video-preview:-1\" \/>\n<link rel=\"canonical\" href=\"https:\/\/aliance-mobilier.com\/en_us\/boutique\/pack-accueil\/\" \/>\n<meta property=\"og:locale\" content=\"en_US\" \/>\n<meta property=\"og:type\" content=\"article\" \/>\n<meta property=\"og:title\" content=\"Pack ACCUEIL - Aliance mobilier\" \/>\n<meta property=\"og:description\" content=\"1 fontaine \u00e0 eau + 2 bonbonnes de 18.9L + 200 gobelets + 1 machine \u00e0 caf\u00e9 ZENIUS PRO + 150 capsules de caf\u00e9 (50 expresso forte, 50 lungo leggero, 50 expresso d\u00e9caf\u00e9in\u00e9) + 2 bouteilles d&#039;eau 1,5L +150 gobelets\/agitateurs + 150 dosettes de sucre + 80 carr\u00e9s de chocolat  Caution 950\u20ac\" \/>\n<meta property=\"og:url\" content=\"https:\/\/aliance-mobilier.com\/en_us\/boutique\/pack-accueil\/\" \/>\n<meta property=\"og:site_name\" content=\"Aliance mobilier\" \/>\n<meta property=\"article:modified_time\" content=\"2026-06-26T05:59:44+00:00\" \/>\n<meta property=\"og:image\" content=\"https:\/\/aliance-mobilier.fr\/wp-content\/uploads\/2026\/05\/pack-accueil.jpg\" \/>\n\t<meta property=\"og:image:width\" content=\"1787\" \/>\n\t<meta property=\"og:image:height\" content=\"908\" \/>\n\t<meta property=\"og:image:type\" content=\"image\/jpeg\" \/>\n<meta name=\"twitter:card\" content=\"summary_large_image\" \/>\n<meta name=\"twitter:label1\" content=\"Est. reading time\" \/>\n\t<meta name=\"twitter:data1\" content=\"1 minute\" \/>\n<script type=\"application\/ld+json\" class=\"yoast-schema-graph\">{\"@context\":\"https:\\\/\\\/schema.org\",\"@graph\":[{\"@type\":\"WebPage\",\"@id\":\"https:\\\/\\\/aliance-mobilier.com\\\/en_us\\\/boutique\\\/pack-accueil\\\/\",\"url\":\"https:\\\/\\\/aliance-mobilier.com\\\/en_us\\\/boutique\\\/pack-accueil\\\/\",\"name\":\"Pack ACCUEIL - Aliance mobilier\",\"isPartOf\":{\"@id\":\"https:\\\/\\\/aliance-mobilier.com\\\/#website\"},\"primaryImageOfPage\":{\"@id\":\"https:\\\/\\\/aliance-mobilier.com\\\/en_us\\\/boutique\\\/pack-accueil\\\/#primaryimage\"},\"image\":{\"@id\":\"https:\\\/\\\/aliance-mobilier.com\\\/en_us\\\/boutique\\\/pack-accueil\\\/#primaryimage\"},\"thumbnailUrl\":\"https:\\\/\\\/aliance-mobilier.com\\\/wp-content\\\/uploads\\\/2026\\\/05\\\/pack-accueil.jpg\",\"datePublished\":\"2026-06-26T05:59:38+00:00\",\"dateModified\":\"2026-06-26T05:59:44+00:00\",\"breadcrumb\":{\"@id\":\"https:\\\/\\\/aliance-mobilier.com\\\/en_us\\\/boutique\\\/pack-accueil\\\/#breadcrumb\"},\"inLanguage\":\"en-US\",\"potentialAction\":[{\"@type\":\"ReadAction\",\"target\":[\"https:\\\/\\\/aliance-mobilier.com\\\/en_us\\\/boutique\\\/pack-accueil\\\/\"]}]},{\"@type\":\"ImageObject\",\"inLanguage\":\"en-US\",\"@id\":\"https:\\\/\\\/aliance-mobilier.com\\\/en_us\\\/boutique\\\/pack-accueil\\\/#primaryimage\",\"url\":\"https:\\\/\\\/aliance-mobilier.com\\\/wp-content\\\/uploads\\\/2026\\\/05\\\/pack-accueil.jpg\",\"contentUrl\":\"https:\\\/\\\/aliance-mobilier.com\\\/wp-content\\\/uploads\\\/2026\\\/05\\\/pack-accueil.jpg\",\"width\":1787,\"height\":908},{\"@type\":\"BreadcrumbList\",\"@id\":\"https:\\\/\\\/aliance-mobilier.com\\\/en_us\\\/boutique\\\/pack-accueil\\\/#breadcrumb\",\"itemListElement\":[{\"@type\":\"ListItem\",\"position\":1,\"name\":\"Accueil\",\"item\":\"https:\\\/\\\/aliance-mobilier.com\\\/accueil\\\/\"},{\"@type\":\"ListItem\",\"position\":2,\"name\":\"Produits\",\"item\":\"https:\\\/\\\/aliance-mobilier.com\\\/boutique\\\/\"},{\"@type\":\"ListItem\",\"position\":3,\"name\":\"Pack ACCUEIL\"}]},{\"@type\":\"WebSite\",\"@id\":\"https:\\\/\\\/aliance-mobilier.com\\\/#website\",\"url\":\"https:\\\/\\\/aliance-mobilier.com\\\/\",\"name\":\"Aliance mobilier\",\"description\":\"Location de mobilier \u00e9v\u00e9nementiel\",\"publisher\":{\"@id\":\"https:\\\/\\\/aliance-mobilier.com\\\/#organization\"},\"potentialAction\":[{\"@type\":\"SearchAction\",\"target\":{\"@type\":\"EntryPoint\",\"urlTemplate\":\"https:\\\/\\\/aliance-mobilier.com\\\/?s={search_term_string}\"},\"query-input\":{\"@type\":\"PropertyValueSpecification\",\"valueRequired\":true,\"valueName\":\"search_term_string\"}}],\"inLanguage\":\"en-US\"},{\"@type\":\"Organization\",\"@id\":\"https:\\\/\\\/aliance-mobilier.com\\\/#organization\",\"name\":\"Aliance mobilier\",\"url\":\"https:\\\/\\\/aliance-mobilier.com\\\/\",\"logo\":{\"@type\":\"ImageObject\",\"inLanguage\":\"en-US\",\"@id\":\"https:\\\/\\\/aliance-mobilier.com\\\/#\\\/schema\\\/logo\\\/image\\\/\",\"url\":\"https:\\\/\\\/aliance-mobilier.com\\\/wp-content\\\/uploads\\\/2026\\\/02\\\/aliance-svg-3.svg\",\"contentUrl\":\"https:\\\/\\\/aliance-mobilier.com\\\/wp-content\\\/uploads\\\/2026\\\/02\\\/aliance-svg-3.svg\",\"width\":348,\"height\":34,\"caption\":\"Aliance mobilier\"},\"image\":{\"@id\":\"https:\\\/\\\/aliance-mobilier.com\\\/#\\\/schema\\\/logo\\\/image\\\/\"}}]}<\/script>\n<!-- \/ Yoast SEO plugin. -->","yoast_head_json":{"title":"Pack ACCUEIL - Aliance mobilier","robots":{"index":"index","follow":"follow","max-snippet":"max-snippet:-1","max-image-preview":"max-image-preview:large","max-video-preview":"max-video-preview:-1"},"canonical":"https:\/\/aliance-mobilier.com\/en_us\/boutique\/pack-accueil\/","og_locale":"en_US","og_type":"article","og_title":"Pack ACCUEIL - Aliance mobilier","og_description":"1 fontaine \u00e0 eau + 2 bonbonnes de 18.9L + 200 gobelets + 1 machine \u00e0 caf\u00e9 ZENIUS PRO + 150 capsules de caf\u00e9 (50 expresso forte, 50 lungo leggero, 50 expresso d\u00e9caf\u00e9in\u00e9) + 2 bouteilles d'eau 1,5L +150 gobelets\/agitateurs + 150 dosettes de sucre + 80 carr\u00e9s de chocolat  Caution 950\u20ac","og_url":"https:\/\/aliance-mobilier.com\/en_us\/boutique\/pack-accueil\/","og_site_name":"Aliance mobilier","article_modified_time":"2026-06-26T05:59:44+00:00","og_image":[{"width":1787,"height":908,"url":"https:\/\/aliance-mobilier.fr\/wp-content\/uploads\/2026\/05\/pack-accueil.jpg","type":"image\/jpeg"}],"twitter_card":"summary_large_image","twitter_misc":{"Est. reading time":"1 minute"},"schema":{"@context":"https:\/\/schema.org","@graph":[{"@type":"WebPage","@id":"https:\/\/aliance-mobilier.com\/en_us\/boutique\/pack-accueil\/","url":"https:\/\/aliance-mobilier.com\/en_us\/boutique\/pack-accueil\/","name":"Pack ACCUEIL - Aliance mobilier","isPartOf":{"@id":"https:\/\/aliance-mobilier.com\/#website"},"primaryImageOfPage":{"@id":"https:\/\/aliance-mobilier.com\/en_us\/boutique\/pack-accueil\/#primaryimage"},"image":{"@id":"https:\/\/aliance-mobilier.com\/en_us\/boutique\/pack-accueil\/#primaryimage"},"thumbnailUrl":"https:\/\/aliance-mobilier.com\/wp-content\/uploads\/2026\/05\/pack-accueil.jpg","datePublished":"2026-06-26T05:59:38+00:00","dateModified":"2026-06-26T05:59:44+00:00","breadcrumb":{"@id":"https:\/\/aliance-mobilier.com\/en_us\/boutique\/pack-accueil\/#breadcrumb"},"inLanguage":"en-US","potentialAction":[{"@type":"ReadAction","target":["https:\/\/aliance-mobilier.com\/en_us\/boutique\/pack-accueil\/"]}]},{"@type":"ImageObject","inLanguage":"en-US","@id":"https:\/\/aliance-mobilier.com\/en_us\/boutique\/pack-accueil\/#primaryimage","url":"https:\/\/aliance-mobilier.com\/wp-content\/uploads\/2026\/05\/pack-accueil.jpg","contentUrl":"https:\/\/aliance-mobilier.com\/wp-content\/uploads\/2026\/05\/pack-accueil.jpg","width":1787,"height":908},{"@type":"BreadcrumbList","@id":"https:\/\/aliance-mobilier.com\/en_us\/boutique\/pack-accueil\/#breadcrumb","itemListElement":[{"@type":"ListItem","position":1,"name":"Accueil","item":"https:\/\/aliance-mobilier.com\/accueil\/"},{"@type":"ListItem","position":2,"name":"Produits","item":"https:\/\/aliance-mobilier.com\/boutique\/"},{"@type":"ListItem","position":3,"name":"Pack ACCUEIL"}]},{"@type":"WebSite","@id":"https:\/\/aliance-mobilier.com\/#website","url":"https:\/\/aliance-mobilier.com\/","name":"Aliance mobilier","description":"Location de mobilier \u00e9v\u00e9nementiel","publisher":{"@id":"https:\/\/aliance-mobilier.com\/#organization"},"potentialAction":[{"@type":"SearchAction","target":{"@type":"EntryPoint","urlTemplate":"https:\/\/aliance-mobilier.com\/?s={search_term_string}"},"query-input":{"@type":"PropertyValueSpecification","valueRequired":true,"valueName":"search_term_string"}}],"inLanguage":"en-US"},{"@type":"Organization","@id":"https:\/\/aliance-mobilier.com\/#organization","name":"Aliance mobilier","url":"https:\/\/aliance-mobilier.com\/","logo":{"@type":"ImageObject","inLanguage":"en-US","@id":"https:\/\/aliance-mobilier.com\/#\/schema\/logo\/image\/","url":"https:\/\/aliance-mobilier.com\/wp-content\/uploads\/2026\/02\/aliance-svg-3.svg","contentUrl":"https:\/\/aliance-mobilier.com\/wp-content\/uploads\/2026\/02\/aliance-svg-3.svg","width":348,"height":34,"caption":"Aliance mobilier"},"image":{"@id":"https:\/\/aliance-mobilier.com\/#\/schema\/logo\/image\/"}}]}},"_links":{"self":[{"href":"https:\/\/aliance-mobilier.com\/en_us\/wp-json\/wp\/v2\/product\/4109","targetHints":{"allow":["GET"]}}],"collection":[{"href":"https:\/\/aliance-mobilier.com\/en_us\/wp-json\/wp\/v2\/product"}],"about":[{"href":"https:\/\/aliance-mobilier.com\/en_us\/wp-json\/wp\/v2\/types\/product"}],"replies":[{"embeddable":true,"href":"https:\/\/aliance-mobilier.com\/en_us\/wp-json\/wp\/v2\/comments?post=4109"}],"wp:featuredmedia":[{"embeddable":true,"href":"https:\/\/aliance-mobilier.com\/en_us\/wp-json\/wp\/v2\/media\/1431"}],"wp:attachment":[{"href":"https:\/\/aliance-mobilier.com\/en_us\/wp-json\/wp\/v2\/media?parent=4109"}],"wp:term":[{"taxonomy":"product_brand","embeddable":true,"href":"https:\/\/aliance-mobilier.com\/en_us\/wp-json\/wp\/v2\/product_brand?post=4109"},{"taxonomy":"product_cat","embeddable":true,"href":"https:\/\/aliance-mobilier.com\/en_us\/wp-json\/wp\/v2\/product_cat?post=4109"},{"taxonomy":"product_tag","embeddable":true,"href":"https:\/\/aliance-mobilier.com\/en_us\/wp-json\/wp\/v2\/product_tag?post=4109"}],"curies":[{"name":"wp","href":"https:\/\/api.w.org\/{rel}","templated":true}]}}

<p>1 fontaine à eau + 2 bonbonnes de 18.9L + 200 gobelets + 1 machine à café ZENIUS PRO + 150 capsules de café (50 expresso forte, 50 lungo leggero, 50 expresso décaféiné) + 2 bouteilles d&rsquo;eau 1,5L + 150 gobelets/agitateurs + 150 dosettes de sucre + 80 carrés de chocolat</p>
<p>Caution 950€</p>

<p>1 fontaine à eau + 2 bonbonnes de 18.9L + 200 gobelets + 1 machine à café ZENIUS PRO + 150 capsules de café (50 expresso forte, 50 lungo leggero, 50 expresso décaféiné) + 2 bouteilles d&rsquo;eau 1,5L +150 gobelets/agitateurs + 150 dosettes de sucre + 80 carrés de chocolat</p>
<p>Caution 950€</p>

<!-- This site is optimized with the Yoast SEO plugin v28.3 - https://yoast.com/product/yoast-seo-wordpress/ -->
<title>Pack ACCUEIL - Aliance mobilier</title>
<meta name="robots" content="index, follow, max-snippet:-1, max-image-preview:large, max-video-preview:-1" />
<link rel="canonical" href="https://aliance-mobilier.com/en_us/boutique/pack-accueil/" />
<meta property="og:locale" content="en_US" />
<meta property="og:type" content="article" />
<meta property="og:title" content="Pack ACCUEIL - Aliance mobilier" />
<meta property="og:description" content="1 fontaine à eau + 2 bonbonnes de 18.9L + 200 gobelets + 1 machine à café ZENIUS PRO + 150 capsules de café (50 expresso forte, 50 lungo leggero, 50 expresso décaféiné) + 2 bouteilles d&#039;eau 1,5L +150 gobelets/agitateurs + 150 dosettes de sucre + 80 carrés de chocolat  Caution 950€" />
<meta property="og:url" content="https://aliance-mobilier.com/en_us/boutique/pack-accueil/" />
<meta property="og:site_name" content="Aliance mobilier" />
<meta property="article:modified_time" content="2026-06-26T05:59:44+00:00" />
<meta property="og:image" content="https://aliance-mobilier.fr/wp-content/uploads/2026/05/pack-accueil.jpg" />
	<meta property="og:image:width" content="1787" />
	<meta property="og:image:height" content="908" />
	<meta property="og:image:type" content="image/jpeg" />
<meta name="twitter:card" content="summary_large_image" />
<meta name="twitter:label1" content="Est. reading time" />
	<meta name="twitter:data1" content="1 minute" />
<script type="application/ld+json" class="yoast-schema-graph">{"@context":"https:\/\/schema.org","@graph":[{"@type":"WebPage","@id":"https:\/\/aliance-mobilier.com\/en_us\/boutique\/pack-accueil\/","url":"https:\/\/aliance-mobilier.com\/en_us\/boutique\/pack-accueil\/","name":"Pack ACCUEIL - Aliance mobilier","isPartOf":{"@id":"https:\/\/aliance-mobilier.com\/#website"},"primaryImageOfPage":{"@id":"https:\/\/aliance-mobilier.com\/en_us\/boutique\/pack-accueil\/#primaryimage"},"image":{"@id":"https:\/\/aliance-mobilier.com\/en_us\/boutique\/pack-accueil\/#primaryimage"},"thumbnailUrl":"https:\/\/aliance-mobilier.com\/wp-content\/uploads\/2026\/05\/pack-accueil.jpg","datePublished":"2026-06-26T05:59:38+00:00","dateModified":"2026-06-26T05:59:44+00:00","breadcrumb":{"@id":"https:\/\/aliance-mobilier.com\/en_us\/boutique\/pack-accueil\/#breadcrumb"},"inLanguage":"en-US","potentialAction":[{"@type":"ReadAction","target":["https:\/\/aliance-mobilier.com\/en_us\/boutique\/pack-accueil\/"]}]},{"@type":"ImageObject","inLanguage":"en-US","@id":"https:\/\/aliance-mobilier.com\/en_us\/boutique\/pack-accueil\/#primaryimage","url":"https:\/\/aliance-mobilier.com\/wp-content\/uploads\/2026\/05\/pack-accueil.jpg","contentUrl":"https:\/\/aliance-mobilier.com\/wp-content\/uploads\/2026\/05\/pack-accueil.jpg","width":1787,"height":908},{"@type":"BreadcrumbList","@id":"https:\/\/aliance-mobilier.com\/en_us\/boutique\/pack-accueil\/#breadcrumb","itemListElement":[{"@type":"ListItem","position":1,"name":"Accueil","item":"https:\/\/aliance-mobilier.com\/accueil\/"},{"@type":"ListItem","position":2,"name":"Produits","item":"https:\/\/aliance-mobilier.com\/boutique\/"},{"@type":"ListItem","position":3,"name":"Pack ACCUEIL"}]},{"@type":"WebSite","@id":"https:\/\/aliance-mobilier.com\/#website","url":"https:\/\/aliance-mobilier.com\/","name":"Aliance mobilier","description":"Location de mobilier événementiel","publisher":{"@id":"https:\/\/aliance-mobilier.com\/#organization"},"potentialAction":[{"@type":"SearchAction","target":{"@type":"EntryPoint","urlTemplate":"https:\/\/aliance-mobilier.com\/?s={search_term_string}"},"query-input":{"@type":"PropertyValueSpecification","valueRequired":true,"valueName":"search_term_string"}}],"inLanguage":"en-US"},{"@type":"Organization","@id":"https:\/\/aliance-mobilier.com\/#organization","name":"Aliance mobilier","url":"https:\/\/aliance-mobilier.com\/","logo":{"@type":"ImageObject","inLanguage":"en-US","@id":"https:\/\/aliance-mobilier.com\/#\/schema\/logo\/image\/","url":"https:\/\/aliance-mobilier.com\/wp-content\/uploads\/2026\/02\/aliance-svg-3.svg","contentUrl":"https:\/\/aliance-mobilier.com\/wp-content\/uploads\/2026\/02\/aliance-svg-3.svg","width":348,"height":34,"caption":"Aliance mobilier"},"image":{"@id":"https:\/\/aliance-mobilier.com\/#\/schema\/logo\/image\/"}}]}</script>
<!-- / Yoast SEO plugin. -->

1 fontaine à eau + 2 bonbonnes de 18.9L + 200 gobelets + 1 machine à café ZENIUS PRO + 150 capsules de café (50 expresso forte, 50 lungo leggero, 50 expresso décaféiné) + 2 bouteilles d'eau 1,5L +150 gobelets/agitateurs + 150 dosettes de sucre + 80 carrés de chocolat  Caution 950€

Location de mobilier événementiel
